{"id":31,"date":"2014-08-09T00:34:04","date_gmt":"2014-08-09T00:34:04","guid":{"rendered":"https:\/\/owm.ug.edu.pl\/?page_id=31"},"modified":"2025-11-19T13:58:00","modified_gmt":"2025-11-19T13:58:00","slug":"kalendarium","status":"publish","type":"page","link":"https:\/\/owm.ug.edu.pl\/?page_id=31","title":{"rendered":"Daty"},"content":{"rendered":"<p>Zg\u0142oszenia do Olimpiady poprzez elektroniczny formularz do 1<strong>5 pa\u017adziernika 2025 r.<\/strong><\/p>\n<p><a href=\"https:\/\/owm.edu.pl\/rejestracja\/\">tu si\u0119 rejestrujemy!<\/a><\/p>\n<p>Nadsy\u0142anie prac poczt\u0105 tradycyjn\u0105 na adres Pomorskiego Komitetu Okr\u0119gowego do dnia<strong> 7 listopada 2025 r<\/strong>.<\/p>\n<p>Olimpiada Wiedzy o Mediach<br \/>\nUniwersytet Gda\u0144ski<br \/>\nWydzia\u0142 Nauk Spo\u0142ecznych<br \/>\nInstytut Medi\u00f3w, Dziennikarstwa i Komunikacji Spo\u0142ecznej<br \/>\nul. Ba\u017cy\u0144skiego 4<br \/>\n80-309 Gda\u0144sk<\/p>\n<p>Og\u0142oszenie wynik\u00f3w pierwszego etapu \u2013 <strong>21 listopada 2025 r.<\/strong><\/p>\n<p><strong>5 grudnia 2025 r.<\/strong>\u00a0\u2013 drugi etap Olimpiady (zawody okr\u0119gowe)<\/p>\n<p><strong>20-21 marca 2026 r.<\/strong> \u2013 trzeci etap Olimpiady (zawody centralne)<\/p>\n","protected":false},"excerpt":{"rendered":"<p>Zg\u0142oszenia do Olimpiady poprzez elektroniczny formularz do 15 pa\u017adziernika 2025 r. tu si\u0119 rejestrujemy! Nadsy\u0142anie prac poczt\u0105 tradycyjn\u0105 na adres Pomorskiego Komitetu Okr\u0119gowego do dnia 7 listopada 2025 r. Olimpiada Wiedzy o Mediach Uniwersytet Gda\u0144ski Wydzia\u0142 Nauk Spo\u0142ecznych Instytut Medi\u00f3w, Dziennikarstwa i Komunikacji Spo\u0142ecznej ul. Ba\u017cy\u0144skiego 4 80-309 Gda\u0144sk Og\u0142oszenie wynik\u00f3w pierwszego etapu \u2013 21 &hellip; <\/p>\n<p class=\"link-more\"><a href=\"https:\/\/owm.ug.edu.pl\/?page_id=31\" class=\"read-more\">Read More<span class=\"screen-reader-text\"> &#8222;Daty&#8221;<\/span><\/a><\/p>\n","protected":false},"author":1,"featured_media":0,"parent":0,"menu_order":0,"comment_status":"closed","ping_status":"closed","template":"","meta":{"footnotes":""},"class_list":["post-31","page","type-page","status-publish","hentry"],"_links":{"self":[{"href":"https:\/\/owm.ug.edu.pl\/index.php?rest_route=\/wp\/v2\/pages\/31","targetHints":{"allow":["GET"]}}],"collection":[{"href":"https:\/\/owm.ug.edu.pl\/index.php?rest_route=\/wp\/v2\/pages"}],"about":[{"href":"https:\/\/owm.ug.edu.pl\/index.php?rest_route=\/wp\/v2\/types\/page"}],"author":[{"embeddable":true,"href":"https:\/\/owm.ug.edu.pl\/index.php?rest_route=\/wp\/v2\/users\/1"}],"replies":[{"embeddable":true,"href":"https:\/\/owm.ug.edu.pl\/index.php?rest_route=%2Fwp%2Fv2%2Fcomments&post=31"}],"version-history":[{"count":29,"href":"https:\/\/owm.ug.edu.pl\/index.php?rest_route=\/wp\/v2\/pages\/31\/revisions"}],"predecessor-version":[{"id":1080,"href":"https:\/\/owm.ug.edu.pl\/index.php?rest_route=\/wp\/v2\/pages\/31\/revisions\/1080"}],"wp:attachment":[{"href":"https:\/\/owm.ug.edu.pl\/index.php?rest_route=%2Fwp%2Fv2%2Fmedia&parent=31"}],"curies":[{"name":"wp","href":"https:\/\/api.w.org\/{rel}","templated":true}]}}