{"id":4,"date":"2014-08-08T19:59:27","date_gmt":"2014-08-08T19:59:27","guid":{"rendered":"https:\/\/owm.ug.edu.pl\/?page_id=4"},"modified":"2025-11-29T22:01:46","modified_gmt":"2025-11-29T22:01:46","slug":"zaczynamy","status":"publish","type":"page","link":"https:\/\/owm.ug.edu.pl\/","title":{"rendered":"Wyniki 1. etapu Olimpiady Wiedzy o Mediach 2025\/2026"},"content":{"rendered":"\r\n\r\n\r\n\r\n\r\n<h2 class=\"has-text-align-center\" style=\"text-align: left;\">Decyzja Pomorskiego Komitetu Okr\u0119gowego o zakwalifikowaniu b\u0105d\u017a niezakwalifikowaniu uczestnika do 2. etapu zawod\u00f3w w wojew\u00f3dztwie pomorskim zosta\u0142a wys\u0142ana na adres e-mail ucznia podany podczas rejestracji. Je\u015bli uczestnik nie otrzyma\u0142 wiadomo\u015bci, prosimy o kontakt mailowy.<\/h2>\r\n\r\n\r\n\r\n<div class=\"x_elementToProof\" data-olk-copy-source=\"MessageBody\">Zapraszamy na 2. etap Olimpiady Wiedzy o Mediach. W wojew\u00f3dztwie pomorskim organizatorem tych rozgrywek jest Instytut Medi\u00f3w, Dziennikarstwa i Komunikacji Spo\u0142ecznej Uniwersytetu Gda\u0144skiego. Zawody rozgrywane b\u0119d\u0105 na Wydziale Nauk Spo\u0142ecznych w Gda\u0144sku Oliwie. Jest to budynek usytuowany na samym pocz\u0105tku kampusu (patrz\u0105c od strony kolejki SKM), za restauracj\u0105 McDonald\u2019s. Wewn\u0105trz, na wprost g\u0142\u00f3wnego wej\u015bcia do budynku b\u0119dzie si\u0119 znajdowa\u0142 punkt informacyjny, w kt\u00f3rym nasi studenci b\u0119d\u0105 Was kierowa\u0107 do dalszych miejsc: wska\u017c\u0105 szatni\u0119, toalety, a nauczycielom towarzysz\u0105cym poka\u017c\u0105, gdzie mo\u017cna za\u0142atwi\u0107 ewentualne sprawy delegacyjne.\u00a0<\/div>\r\n<div data-olk-copy-source=\"MessageBody\">\u00a0<\/div>\r\n<div class=\"x_elementToProof\">Test 2. etapu odb\u0119dzie si\u0119 w\u00a0<b>auli S204.<\/b>\u00a0<b>Wej\u015bcie do niej jest na poziomie 100, najni\u017cszym pi\u0119trze budynku<\/b>. Na tym samym poziomie znajduje si\u0119 szatnia &#8211; prosimy o pozostawienie tam kurtek i baga\u017cu, poniewa\u017c nie mo\u017cna ich mie\u0107 przy sobie podczas testu.<\/div>\r\n<div>\u00a0<\/div>\r\n<div class=\"x_elementToProof\">Prosimy Was o przybycie\u00a0<b>w pi\u0105tek 5 grudnia na godzin\u0119 11.20.<\/b>\u00a0O tej godzinie rozpoczniemy sprawdzanie to\u017csamo\u015bci uczestnik\u00f3w i wpuszczanie ich do auli. Pozosta\u0142y czas zostanie przeznaczony na powitanie i wyja\u015bnienie zasad.\u00a0<b>Pisanie testu w ca\u0142ej Polsce musi si\u0119 zacz\u0105\u0107 o tej samej godzinie: o 12.00.<\/b>\u00a0Czas trwania to 60 minut.\u00a0<\/div>\r\n<div>\u00a0<\/div>\r\n<div class=\"x_elementToProof\">Podczas testu tradycyjnie zapraszamy nauczycieli na spotkanie przy kawie. O szczeg\u00f3\u0142ach powiemy podczas powitania.\u00a0<\/div>\r\n<div>\u00a0<\/div>\r\n<div class=\"x_elementToProof\">Po uko\u0144czeniu pisania zaprosimy Was do zwiedzania naszego zaplecza studyjnego, w kt\u00f3rym odbywaj\u0105 zaj\u0119cia studenci dziennikarstwa i komunikacji spo\u0142ecznej: telewizji i radia.<\/div>\r\n<div>\u00a0<\/div>\r\n<div class=\"x_elementToProof\">W tym czasie prace zostan\u0105 sprawdzone i zostanie wy\u0142onionych 10 zwyci\u0119zc\u00f3w, kt\u00f3rzy b\u0119d\u0105 reprezentowa\u0107 nasze wojew\u00f3dztwo w zawodach centralnych w Warszawie w marcu 2026 roku.<\/div>\r\n<div>\u00a0<\/div>\r\n<div class=\"x_elementToProof\">Oko\u0142o godziny 14.15 zaprosimy Was na uroczyste og\u0142oszenie wynik\u00f3w, wr\u0119czenie ksi\u0105\u017cek dla zwyci\u0119zc\u00f3w i okoliczno\u015bciowych pami\u0105tek dla Waszych nauczycieli-opiekun\u00f3w.<\/div>\r\n<div>\u00a0<\/div>\r\n<div class=\"x_elementToProof\"><b>Przewidywany czas zako\u0144czenia zawod\u00f3w: oko\u0142o godz. 15.00.<\/b><\/div>\r\n<div>\u00a0<\/div>\r\n<div class=\"x_elementToProof\"><b><u>Prosimy zabra\u0107 ze sob\u0105 dokument to\u017csamo\u015bci ze zdj\u0119ciem oraz 2 d\u0142ugopisy.<\/u><\/b><\/div>\r\n","protected":false},"excerpt":{"rendered":"<p>Decyzja Pomorskiego Komitetu Okr\u0119gowego o zakwalifikowaniu b\u0105d\u017a niezakwalifikowaniu uczestnika do 2. etapu zawod\u00f3w w wojew\u00f3dztwie pomorskim zosta\u0142a wys\u0142ana na adres e-mail ucznia podany podczas rejestracji. Je\u015bli uczestnik nie otrzyma\u0142 wiadomo\u015bci, prosimy o kontakt mailowy. Zapraszamy na 2. etap Olimpiady Wiedzy o Mediach. W wojew\u00f3dztwie pomorskim organizatorem tych rozgrywek jest Instytut Medi\u00f3w, Dziennikarstwa i Komunikacji Spo\u0142ecznej &hellip; <\/p>\n<p class=\"link-more\"><a href=\"https:\/\/owm.ug.edu.pl\/\" class=\"read-more\">Read More<span class=\"screen-reader-text\"> &#8222;Wyniki 1. etapu Olimpiady Wiedzy o Mediach 2025\/2026&#8221;<\/span><\/a><\/p>\n","protected":false},"author":1,"featured_media":0,"parent":0,"menu_order":0,"comment_status":"closed","ping_status":"closed","template":"","meta":{"footnotes":""},"class_list":["post-4","page","type-page","status-publish","hentry"],"_links":{"self":[{"href":"https:\/\/owm.ug.edu.pl\/index.php?rest_route=\/wp\/v2\/pages\/4","targetHints":{"allow":["GET"]}}],"collection":[{"href":"https:\/\/owm.ug.edu.pl\/index.php?rest_route=\/wp\/v2\/pages"}],"about":[{"href":"https:\/\/owm.ug.edu.pl\/index.php?rest_route=\/wp\/v2\/types\/page"}],"author":[{"embeddable":true,"href":"https:\/\/owm.ug.edu.pl\/index.php?rest_route=\/wp\/v2\/users\/1"}],"replies":[{"embeddable":true,"href":"https:\/\/owm.ug.edu.pl\/index.php?rest_route=%2Fwp%2Fv2%2Fcomments&post=4"}],"version-history":[{"count":332,"href":"https:\/\/owm.ug.edu.pl\/index.php?rest_route=\/wp\/v2\/pages\/4\/revisions"}],"predecessor-version":[{"id":1108,"href":"https:\/\/owm.ug.edu.pl\/index.php?rest_route=\/wp\/v2\/pages\/4\/revisions\/1108"}],"wp:attachment":[{"href":"https:\/\/owm.ug.edu.pl\/index.php?rest_route=%2Fwp%2Fv2%2Fmedia&parent=4"}],"curies":[{"name":"wp","href":"https:\/\/api.w.org\/{rel}","templated":true}]}}

<h2 class="has-text-align-center" style="text-align: left;">Decyzja Pomorskiego Komitetu Okręgowego o zakwalifikowaniu bądź niezakwalifikowaniu uczestnika do 2. etapu zawodów w województwie pomorskim została wysłana na adres e-mail ucznia podany podczas rejestracji. Jeśli uczestnik nie otrzymał wiadomości, prosimy o kontakt mailowy.</h2>



<div class="x_elementToProof" data-olk-copy-source="MessageBody">Zapraszamy na 2. etap Olimpiady Wiedzy o Mediach. W województwie pomorskim organizatorem tych rozgrywek jest Instytut Mediów, Dziennikarstwa i Komunikacji Społecznej Uniwersytetu Gdańskiego. Zawody rozgrywane będą na Wydziale Nauk Społecznych w Gdańsku Oliwie. Jest to budynek usytuowany na samym początku kampusu (patrząc od strony kolejki SKM), za restauracją McDonald’s. Wewnątrz, na wprost głównego wejścia do budynku będzie się znajdował punkt informacyjny, w którym nasi studenci będą Was kierować do dalszych miejsc: wskażą szatnię, toalety, a nauczycielom towarzyszącym pokażą, gdzie można załatwić ewentualne sprawy delegacyjne. </div>
<div data-olk-copy-source="MessageBody"> </div>
<div class="x_elementToProof">Test 2. etapu odbędzie się w <b>auli S204.</b> <b>Wejście do niej jest na poziomie 100, najniższym piętrze budynku</b>. Na tym samym poziomie znajduje się szatnia &#8211; prosimy o pozostawienie tam kurtek i bagażu, ponieważ nie można ich mieć przy sobie podczas testu.</div>
<div> </div>
<div class="x_elementToProof">Prosimy Was o przybycie <b>w piątek 5 grudnia na godzinę 11.20.</b> O tej godzinie rozpoczniemy sprawdzanie tożsamości uczestników i wpuszczanie ich do auli. Pozostały czas zostanie przeznaczony na powitanie i wyjaśnienie zasad. <b>Pisanie testu w całej Polsce musi się zacząć o tej samej godzinie: o 12.00.</b> Czas trwania to 60 minut. </div>
<div> </div>
<div class="x_elementToProof">Podczas testu tradycyjnie zapraszamy nauczycieli na spotkanie przy kawie. O szczegółach powiemy podczas powitania. </div>
<div> </div>
<div class="x_elementToProof">Po ukończeniu pisania zaprosimy Was do zwiedzania naszego zaplecza studyjnego, w którym odbywają zajęcia studenci dziennikarstwa i komunikacji społecznej: telewizji i radia.</div>
<div> </div>
<div class="x_elementToProof">W tym czasie prace zostaną sprawdzone i zostanie wyłonionych 10 zwycięzców, którzy będą reprezentować nasze województwo w zawodach centralnych w Warszawie w marcu 2026 roku.</div>
<div> </div>
<div class="x_elementToProof">Około godziny 14.15 zaprosimy Was na uroczyste ogłoszenie wyników, wręczenie książek dla zwycięzców i okolicznościowych pamiątek dla Waszych nauczycieli-opiekunów.</div>
<div> </div>
<div class="x_elementToProof"><b>Przewidywany czas zakończenia zawodów: około godz. 15.00.</b></div>
<div> </div>
<div class="x_elementToProof"><b><u>Prosimy zabrać ze sobą dokument tożsamości ze zdjęciem oraz 2 długopisy.</u></b></div>

<p>Decyzja Pomorskiego Komitetu Okręgowego o zakwalifikowaniu bądź niezakwalifikowaniu uczestnika do 2. etapu zawodów w województwie pomorskim została wysłana na adres e-mail ucznia podany podczas rejestracji. Jeśli uczestnik nie otrzymał wiadomości, prosimy o kontakt mailowy. Zapraszamy na 2. etap Olimpiady Wiedzy o Mediach. W województwie pomorskim organizatorem tych rozgrywek jest Instytut Mediów, Dziennikarstwa i Komunikacji Społecznej &hellip; </p>
<p class="link-more"><a href="https://owm.ug.edu.pl/" class="read-more">Read More<span class="screen-reader-text"> &#8222;Wyniki 1. etapu Olimpiady Wiedzy o Mediach 2025/2026&#8221;</span></a></p>
